Is p prime?
False
Let w = 14 + -210. Let s = -353 + w. Let y = -284 - s. Is y prime?
False
Suppose 108*f - 103*f = 60260. Let z = f + -6239. Is z a composite number?
False
Let o = -101818 + 199803. Is o a composite number?
True
Is (-134337)/(-9) + -3 - (-1)/(-3) a prime number?
True
Suppose 5*k + 155 = 2*m, 0 = -5*m + 4*m + k + 76. Let u = m - 37. Is u composite?
True
Suppose -5*h - 105 = -5*f, 0*h - 3*f + 81 = -4*h. Is (-26)/(-117) - (19040/h + 1) composite?
True
Let z = 21612 + -12583. Is z a prime number?
True
Let s = -111744 + 165157. Is s a prime number?
False
Let z(t) = 7*t**3 + 2*t**2 - 4*t + 1. Let k(r) = r**3 + r. Suppose 0*u + i + 11 = -3*u, -5*u - 25 = -5*i. Let d(g) = u*k(g) - z(g). Is d(-2) a composite number?
False
Let v(d) = 3*d**3 + 4*d**2 - 4*d + 9. Let u be v(7). Suppose -o - u = 2*o. Is (12/(-18))/(2/o) a prime number?
False
Is 91/42*2019*(1 + 1) prime?
False
Suppose 2*a - 3*a + 2 = 0. Suppose a*m + m = -60. Let y = m - -51. Is y a composite number?
False
Let a be (6/(-10))/((-4)/20). Suppose -h + 794 = 5*v, -3*v + 5*h - h = -458. Suppose -l + a*l = v. Is l prime?
True
Let i = -1515 + 103. Let q = i - -2529. Is q a prime number?
True
Is -1 + (-50895)/(-10) + (-4)/(-8) a prime number?
False
Let t be (-7 + 2)/(2/(-4)). Suppose -t*h + 5*h + 745 = 0. Is h a composite number?
False
Let x = -77 - -73. Is 4707 - (0 + 1*(-8 - x)) a composite number?
True
Suppose -16634 = -i + 5*b, 4*i - 10*b + 11*b = 66599. Is i composite?
False
Suppose -5*v - 2 - 7 = a, 0 = -5*v + 2*a - 12. Let q be (23 - v)*(-3 + 18). Suppose -q = -2*u + 47. Is u composite?
False
Let j(m) = 3*m + 9. Let t be j(-7). Let y be ((-174)/t)/((-1)/(-36)). Is y/(-12)*(-4)/3 composite?
True
Let v(d) = 2*d + 4 - 1 - 3*d + 55*d**2. Let k be v(-2). Let y = 970 - k. Is y a prime number?
False
Let x(w) = 14*w - 5 - 17*w - 12. Let v be x(-6). Is v*(121 + 0 + -2) a composite number?
True
Let w(d) = 5 + 5*d**2 + d**2 + d**3 - 5*d**3 - 2*d. Is w(-7) a composite number?
True
Suppose 9*x - 90063 = -0*x. Is x composite?
False
Suppose 17*l - 27585 = 82388. Is l composite?
False
Let i(o) = -687*o - 101. Is i(-12) composite?
True
Suppose -189*s = -170*s - 148523. Is s composite?
False
Suppose -4 - 6 = -2*r. Suppose 3*m - 6314 = -r*d + 2*m, -d + m + 1258 = 0. Suppose -d = -p - p. Is p prime?
True
Let p = -1956 - -2968. Suppose -2*y + p + 70 = 0. Is y prime?
True
Is (-665)/(-190)*(-20954)/(-7) composite?
False
Suppose 6*k - 9*k + 33829 = -4*w, -45122 = -4*k - 3*w. Is k a composite number?
False
Suppose 4*m = 123277 - 13769. Is m a prime number?
False
Let x(g) = -209*g**3 - 3*g**2 + 7. Is x(-3) composite?
False
Let s be 2 - (12 - 4 - 0). Is (-718)/(-1)*s/(-72)*6 a prime number?
True
Suppose 0 = -2*f - 1 + 9. Let p be (-711)/(-3)*(-12)/(-18). Suppose 2*j + p = f*j. Is j composite?
False
Let s = 20061 - -578. Is s prime?
True
Let s(d) = -d**3 + 9*d**2 - 7*d - 2. Let m be s(8). Suppose -m*q = -2*q - 3628. Is q composite?
False
Let f be 2/(-8) + (-4690)/(-8). Suppose 2*w - 4*w + f = 0. Is w a prime number?
True
Suppose -5*b - 8 = 12. Let l = b - -4. Suppose l = p - n - 591, 5*n = 2 - 22. Is p composite?
False
Let i(z) = z**3 + 17*z**2 + 16*z + 21. Let u be ((-4)/3)/((-4)/(-48)). Is i(u) a composite number?
True
Let k(b) be the third derivative of -b**4/6 - 5*b**2. Let c be k(-1). Let p(y) = 40*y - 3. Is p(c) a composite number?
False
Suppose -8*y + 5*y + 33 = 0. Let a = y - 7. Suppose 0 = -t - a*x + 17 + 20, 4*x = -2*t + 74. Is t a prime number?
True
Let z = 2 - 0. Let t be -10 - (4 + -1 - z). Let o = t + 78. Is o composite?
False
Is (5/(-10))/((-7)/1310134) composite?
False
Let m(g) = 9295*g**2 + 4*g + 12. Let u be m(-2). Suppose 0 = 4*r + 2*c - 29746, -5*r - 9*c + u = -6*c. Is r a prime number?
False
Suppose 0 = -2*l + 7*l - 2*l. Suppose -w - 2*c + 185 = l, -w + 65 = 5*c - 129. Is w prime?
True
Let c = 342 - 138. Let y be (-993)/(-9) - (-2)/3. Let a = c - y. Is a a prime number?
False
Let g(u) = 4*u**2 + 5*u - 11. Let f be g(5). Suppose -s - i + f = s, -138 = -2*s + 5*i. Is s composite?
False
Let w(l) = 23*l**2 - 1. Suppose 0 = 3*b - 2 - 1. Is w(b) composite?
True
Suppose 5*r = -2*a + 10, 0 = 5*r - 10 - 0. Suppose 2*m + m = a. Suppose 0 = 3*f - m - 12. Is f composite?
True
Is (-20)/8*5136/(-40) a prime number?
False
Suppose -5*f + 0*f + 70 = 0. Suppose -4*l = -2*l - f. Suppose -l*x + 3*x = -84. Is x composite?
True
Let v = -1919 + 24148. Is v composite?
False
Let a be 1*13 + (-10)/(-10). Let w be 14/(-49) - 724/a. Is 11*w/(4/(-1)) a composite number?
True
Suppose -5*v - 5*v = 2*v. Suppose -d - k + 619 = v, 0 = -4*d - 3*k + 2336 + 135. Is d a composite number?
True
Suppose -2*x - 4450 = -5*p + x, -p - 2*x + 903 = 0. Suppose -676 = -3*h + p. Is h composite?
False
Let a = 4323 - 2962. Is a composite?
False
Let q = -37 - -2. Let i = -40 - q. Is (41 - i)*13/2 a prime number?
False
Let j be (-57 + 0)*5/(-15). Suppose -y = -4*i - j, 4*y + i - 4 = -i. Is (-1)/(-1)*(506 - y) composite?
False
Let f be -3*(8/28 + 18/(-14)). Suppose 0 = -2*i + 2, 4*i = 4*y - 2 - 14. Suppose -f*z + 5*z = 2*b - 28, y*z = -4*b + 29. Is b a composite number?
False
Suppose 2573013 = 47*d + 708194. Is d prime?
False
Suppose -5*j - 2*h = -9227, 0 = 4*j - 2*j - 3*h - 3706. Is j a composite number?
False
Let q(f) = -17*f + 2. Let y = 3 + 0. Suppose -3*j - y*w - w = -3, 0 = 4*j - 4*w + 24. Is q(j) prime?
True
Suppose z - 2*m + 4*m = 574, 2*z + 2*m - 1152 = 0. Suppose 3*a - 570 = -a - 3*g, -4*a = -g - z. Let x = -97 + a. Is x prime?
True
Let a be -5*(-2 + (-14)/10 + 3). Suppose -1477 = -5*g + 3*l + 1689, g = a*l + 629. Is g a composite number?
True
Suppose -3*b - 3 = 3*z - 0, 3 = -3*b + 2*z. Let d(i) = -i - 50*i**3 + 0*i - i**2 - i**2. Is d(b) a prime number?
False
Suppose -13*z - 22 = -620. Is z prime?
False
Let i be 22/11*10/4. Let r(q) = -2*q**2 + 2*q - 7. Let y be r(i). Let o = y - -144. Is o prime?
True
Let g(c) = -c**2 + 17*c + 7. Let z be g(11). Suppose -b - 4 = -0*b. Let x = b + z. Is x a prime number?
False
Let x(b) = -b**2 - 5*b - 7. Let a be x(-5). Let w(j) = -3*j**3 - 5*j**2 + 7. Is w(a) a prime number?
False
Suppose 0 = 24*s - 21*s - 10113. Is s a prime number?
True
Let k(i) = -53*i**3 - 23*i**2 - 13*i + 6. Is k(-5) a prime number?
True
Suppose 5*g = 6*g - 5. Suppose 0 = g*m - 961 - 12874. Is m a prime number?
True
Suppose 2*l + l - 685 = 2*q, 5*q = 2*l - 1707. Let c be -1184*(-2 - (-9)/6). Let k = q + c. Is k a prime number?
True
Suppose -2*m - 16543 = -3*w, 3*m + 18648 = 3*w + 2103. Is w a composite number?
True
Suppose 0 = -458*y + 450*y + 175832. Is y prime?
False
Let x(f) = 16*f - 10. Suppose 0 = 4*v - 38 + 10. Suppose -32 = 3*q - v*q. Is x(q) prime?
False
Suppose -2*o - 32 = -6*o + 4*a, -4*a = 16. Suppose 137 = 5*j - 648. Suppose -j = -o*t - 1. Is t a prime number?
False
Suppose 5*l - 16 = l. Let t = l - 10. Is t/15 + (-447)/(-5) a composite number?
False
Let w = 149 - 132. Let n = 148 - w. Is n a prime number?
True
Suppose 0 = -11*b - 21*b + 98272. Is b a composite number?
True
Let i = -151 - -261. Let o = 735 - 214. Suppose 0 = -b + i + o. Is b composite?
False
Let h = 8 - 5. Suppose 4*b + 1964 = 5*t + 313, -h*t + 4*b = -989. Is t composite?
False
Is (4258/5)/((-50)/(-125)) a prime number?
True
Suppose -2*w + 4*o = -1727 + 611, -4*o = 5*w - 2860. Let j = w + 931. Is j a composite number?
False
Let w be (16/3)/(6/360). Suppose g - w = 122. Let r = g + -257. Is r composite?
True
Suppose -86240 = -4*q + 4*f, 0 = -4*q - 5*f + 60663 + 25568. Is q composite?
False
Let b(r) = 4*r**2 - 60*r - 387. Is b(53) a prime number?
True
Suppose -100*d = -99*d - 5469. Is d prime?
False
Let v(g) = 4*g**2 + 4*g**2 - 4*g - 6*g**2 + 1 - 6*g. Is v(-12) composite?
False
Suppose -y - 4*u = -618, -2*u + 20 = 3*u. Let k = y - -117. Is k composite?
False
Let q(n) = -n**3 - 14*n**2 + 13*n + 8. Let o = -25 + 10. Let z be q(o). Suppose -z = -3*t + 73. Is t a composite number?
False
Let s be (-1)/((-15)/54 - (-8)/(-36)). Suppose 8 = s*y, -5*y + 745 = 8*g - 3*g. Is g prime?
False
Suppose -5*u + 1667 = 5*c - 3*c, -u = -2*c + 1637. Is c a composite number?
False
Suppose 5*u - 4*n = 555, -2*u + 111 = -u + 4*n. Suppose -4*j = -7*j + u. Suppose -5*m + 228 = 4*g - m, -4*m - j = -g. Is g composite?
False
Let z(l) = -3*l**2 + 122 - 43 + 2*l**2. Is